 + (-8 - 0).
16
What is (14 - 23) + 0 + (5 - 3)?
-7
Calculate -8 + -11 + -1 - (-4 + -2 + 0).
-14
What is the value of 6 - (4 + (-12 - -6)) - 28 - 3?
-23
Calculate (1 + -12 - -7) + (-5 - 23).
-32
Evaluate 8 - 5 - 4 - -8 - (-11 - -5).
13
Calculate -2 - (3 + -18) - 20.
-7
What is the value of 4 + -8 - 7 - -9 - 3?
-5
What is (5 - 8) + 3 + (3 + 1 - -9)?
13
Evaluate -4 + 15 + -5 + 6 + -7.
5
What is the value of 2 - -2 - (5 + -12 + 30)?
-19
What is the value of -2 + 2 - (-17 + -30 + 23)?
24
What is the value of (-18 - -6) + (-26 - -18 - -9)?
-11
Calculate (-6 - (0 + -5)) + (6 + -5 - -1).
1
19 - (-22 - -18 - -44)
-21
-1 + (-9 - (-10 + -5))
5
What is 20 + (-12 + 4 - 8)?
4
Calculate (-14 - -5) + -9 + 20 + 0.
2
(4 - 16) + (-11 - (6 - 27))
-2
What is (-8 - 4 - ((5 - 3) + -9)) + -6?
-11
What is 0 - (2 + 10 + -11 + -4)?
3
1 + 12 - (-19 - (-32 - -3))
3
What is the value of 10 + -28 + -3 + 35?
14
What is 95 + -150 - (-23 - 2)?
-30
2 + -2 + 1 - (-19 + -6 + 21)
5
Calculate 18 + -10 - (0 + 12).
-4
What is the value of 0 - (-4 + -13 + 0 + 1)?
16
(2 + 17 - (16 - 13)) + -6
10
6 + -2 + 0 + -89 + 71
-14
What is 18 - (-19 + -3 - -24)?
16
Evaluate -4 + (-7 - -19 - (5 - -5)) + 10.
8
Evaluate ((6 + -7 - -3) + 2 - 2) + -2.
0
Calculate (-10 - ((9 - -6) + -20)) + -22 + 2.
-25
Calculate -11 + -2 + 333 + -337.
-17
Evaluate -2 + (-12 + 6 - -2) - (-2 + -18).
14
What is the value of -218 - -234 - (5 + -29 + 2)?
38
What is the value of 0 - (-1 - -2) - (-6 + 11) - 13?
-19
Calculate (-8 - (6 + (-1 - -6) + -14)) + 5.
0
-2 - (-13 + 3) - (-3 + 2 - 12)
21
Evaluate (-3 + 29 - 39) + 35.
22
Calculate 1 + -12 + 8 + -4 + 2.
-5
15 - (8 - (16 - 5) - -9)
9
Calculate 2 + -1 - (-15 + 17 + 8).
-9
(9 - -2) + (75 - 84) - -6
8
(13 - (26 + (7 - -11))) + 9
-22
Calculate -7 + -2 + 11 + -12 + 28.
18
1 + -3 - (13 + -7) - -6 - -21
19
-22 + 10 - (9 - 5)
-16
What is the value of (-3 + 14 - 6) + 0 + (3 - -3)?
11
What is -2 + -3 + 2 + (10 - -9)?
16
What is 1 - -8 - 12 - (0 + 6 - 11)?
2
What is the value of -28 - -21 - (5 + -18) - 4?
2
Evaluate (-6 - -9 - -16) + (-9 - (1 + -4)).
13
Calculate -8 + 1 + 16 + -45 + 23.
-13
Evaluate -20 + (-16 - -2) + 36.
2
40 + (3 - (-9 + 10)) - 14
28
(14 - 19) + -3 - (13 - 1)
-20
11 + -47 + 39 - 0
3
Evaluate (41 - 55) + (29 - 0).
15
What is the value of (5 + -3 - (-7 - (-14 + 4))) + 4?
3
What is the value of 11 - (21 + -11 + -16)?
17
What is the value of -3 + (3 - 9) + 12 - 6 - 16?
-19
Evaluate -1 + -3 + (9 - 6) + 3 + -7.
-5
What is 18 + -61 + 51 - (-6 - (-1 - 0))?
13
Evaluate 33 - (-30 + (50 - 7)).
20
-2 + (49 - 23) - 21
3
Calculate 50 + -42 - (17 - (-2 + -2)).
-13
What is the value of (1 + -1 - 1) + (-5 - (19 + -42))?
17
What is the value of -24 - (13 + -21) - (2 - 6)?
-12
Evaluate 0 - 12 - (-19 + -5).
12
What is 6 - (-7 + 0 + 9)?
4
Calculate -37 + 17 - (9 + -5 + -7 + 2).
-19
Evaluate (-37 - -20 - -1) + (-9 - -1).
-24
Evaluate -13 + (17 + -5 - 3) + -4.
-8
Evaluate (1 - (7 - 8) - -2) + (-1 - 2).
1
Calculate -15 + 17 + -14 + -4.
-16
What is -3 + 2 + -2 + 1 - 8?
-10
(-92 - -92 - (-3 - 0)) + -5
-2
Evaluate (-17 - -31 - 23) + -1.
-10
What is the value of -38 + 39 + -14 + -8?
-21
What is the value of (-3 + 3 - 4) + -1 + (14 - 6)?
3
Evaluate (-2 - 2) + (-5 - 9) + 13.
-5
-5 + (-7 - (-2 - 5)) + -23 + 5
-23
What is -15 - (60 - 62 - (-2 - (2 - 0)))?
-17
What is -11 - (-9 - -3) - 7 - (11 + -3)?
-20
Evaluate 7 + -1 + 2 + 0 - (-260 + 259).
9
Calculate -2 + 17 + -5 + (-13 - -14).
11
What is -3 + 11 + (28 - 18) + -21?
-3
What is the value of 0 + 3 + -12 + -4?
-13
-28 + 14 + 5 + 22
13
What is the value of 33 - -4 - (34 - -3)?
0
What is (41 - 72) + -30 + 44?
-17
-8 - -16 - ((18 - 13) + (1 - -7))
-5
Evaluate -7 + (20 - (0 - -15)).
-2
What is 11 - -1 - (-68 - (-73 - -12))?
19
0 - (14 - -1) - (-233 + 245)
-27
Evaluate -13 - (-13 + (-6 - -2)) - (-3 + 1).
6
(21 - 16) + (-1 - 11) + 16
9
Calculate 0 - (-13 - -13 - -9).
-9
Calculate 4 + (8 - (-2 - -11)) - 4 - 3.
-4
Evaluate 0 + (2 - -3 - 1) + (-68 - -58).
-6
Evaluate -1 + (2 - (6 - (7 + (-6 - -10)))).
6
25 + 7 + (13 - 8) + -9 + -2
26
(42 - (78 - 40)) + (0 - 13)
-9
What is -8 + -1 + 2 + (-11 - -2)?
-16
-29 + 3 - (0 + -12) - -8
-6
Evaluate -28 + (10 - -14) - -8.
4
Evaluate (3 - (4 - 1)) + (-333 - -332).
-1
43 - (70 - (-36 + 29))
-34
Calculate 70 - 87 - (-3 - (8 - 2)).
-8
3 + (-34 - -11) + 16
-4
What is -3 - (-42 + (-13 - -37))?
15
What is -5 - (9 - (44 + -12))?
18
Calculate ((-7 - 5) + 20 - 13) + -33 + 4.
-34
6 - ((-65 - -54) + (30 - 1))
-12
Evaluate (-4 - 5) + (-6 - 0 - 3).
-18
Calculate (2 - 16) + (-10 - -14 - -1).
-9
(11 - (-10 - -28)) + (-2 - -4 - 2)
-7
Calculate -7 + (-15 - -12 - 4) - 11.
-25
9 - ((-6 - -9) + 8) - (3 + -3)
-2
What is -4 + -8 - (6 + (7 + -14 - 5))?
-6
What is the value of -1 + (9 - (-3 + 7)) + 9 - 5?
8
-26 + (-2 + 5 - -7)
-16
What is the value of -2056 - -2049 - (4 - (-1 - 0))?
-12
What is the value of 3 + 2 - (-5 + 14 + -15)?
11
What is the value of 2 - (-18 - 5 - -11)?
14
-13 - (4 + 2 - (43 - -4))
28
Evaluate -14 - (-49 + (-23 - -39)).
19
Evaluate (-1 - -1 - 1) + (-2 + -8 - -8).
-3
Calculate (3 - (-3 - -9)) + 3 + (-35 - -23).
-12
-4 + 0 - (2 - 6 - -10)
-10
Calculate (39 + -17 - 38) + -6 + 33.
11
Calculate 4 - 5 - (137 + -134).
-4
What is the value of (-2 + 0 - (0 - (14 + -9))) + -27?
-24
What is the value of 10 - ((2 - (5 - 1) - 1) + -5)?
18
6 + (9 + -7 - 10) + (-4 - 1)
-7
What is the value of 12 - -8 - (20 + 10)?
-10
Evaluate 10 + -6 + -1 + 11.
14
What is the value of -8 - (15 + -11 - 0)?
-12
Calculate (-5 - 8) + (-13 - (-9 + 3) - -12).
-8
Calculate -3 + (-14 - (-4 - 5) - -4).
-4
Evaluate -98 - -98 - (-1 - (1 + 6)).
8
Evaluate (88 - 78) + (-2 - (4 - 5)).
9
0 - -1 - (-22 + 20 + -8)
11
(10 - 0) + -1 + (-25 - (18 + -42))
8
What is -19 + -1 + -8 + 15?
-13
What is the value of (0 + 1 - (18 - (-5 - -22))) + 5?
5
Calculate 7 - 2 - (-4 + 6 + 2 + 5).
-4
Calculate -10 + 2 + (-3 + 51 - 4).
36
Calculate (-6 - (0 - 1)) + (1 + 17 - 16).
-3
Calculate -1 + 40 + -195 + 166.
10
Calculate -1 - 18 - (-289 + 286).
-16
Evaluate (33 - 31) + 4 + -14 - 10.
-18
What is the value of 2 - (23 + 8 + 2 + -8)?
-23
Calculate -28 + 25 + (4 - 1) + -22.
-22
Calculate -39 + -39 + 91 + 1 + -3.
11
((-5 - -2) + 3 - -4) + 16 + -4
16
What is 8 + (2 - 5 - -11 - 4)?
12
What is -8 + 4 + (-2 - -1) + 11?
6
Calculate (65 - 65) + 1 + 0.
1
(6 + -6 - 3) + -15 + 3 + -3
-18
Calculate -24 - 8 - (-24 + 7 + 4).
-19
What is the value of 2 + -2 - (-32 + 53 - 14)?
-7
What is the value of 11 + -1 - (2 + -3 + (-5 - -5))?
11
What is the value of 4 + -7 + 0 + -1 + 18 + -7?
7
Evaluate 2 - (19 + -12 + (-3 - (-5 + -2))).
-9
What is the value of 5 - ((6 + -10 - -5) + (2 - -3))?
-1
What is -51 - -47 - ((7 - 0) + (0 - -2))?
-13
Evaluate -8 + -20 + -15 + 6 + 14.
-23
Calculate -6 - (-23 - (-8 + (9 - -1))).
19
What is the value of -10 - (-9 - 1 - (-2 - 14))?
-16
What is 0 - (5 + 1 + -9)?
3
Calculate 9 + (-7 - -14) + -6 + -5.
5
What is the value of -2 + -12 + -28 + 40 + -5?
-7
What is the value of -8 + -3 + (3 + -3 + -3 - -2)?
-12
What is 39 - (-32 - 7 - -71)?
7
-8 + (-3 - 4) + (3 - -1) + 2
-9
What is the value of (3 + 8 - (12 + 2)) + (-1 - -4)?
0
-14 - (3 + -5 - 5) - (-4 + 0)
-3
(42 - 37) + (1 - 7)
-1
5 - 7 - -6 - (-7 - -17)
-6
-8 + 15 + -20 + 22
9
What is (-104 - -115) + -20 + 2?
-7
What is the value of -2 + -2 + -1 - (12 + -8 - -10)?
-19
What is the value of 14 + 9 + -12 + 0?
11
What is the value of -2 - -1 - (-1 + 0) - 9?
-9
What is the value of -4 - (4 + -10 + 7 - (11 + -2))?
4
Evaluate (-57 - -44) + (-9 - -46).
24
What is 1 + 5 - (-2 - -6 - -2)?
0
Calculate 71 - (48 - -24) - (-1 + (1 - -4)).
-5
Calculate 13 + -4 - (-4 + 27 - -1).
-15
What is -6 + 8 - -3 - 11 - (8 + -5)?
-9
What is the value of -59 + (32 - 38) + 36?
-29
Evaluate 18 + (168 + -211 - (-16 + -1)).
-8
Evaluate (-5 - -4) + 4 - 11 - -2.
-6
What is the value of 41 + (-5 - 18 - 3)?
15
What is the value of 11 + -31 + 15 + -1 + 40?
34
37 + -1 + 3 - (362 + -349)
26
-4 + (14 - 39) + 20 + (-3 - 1)
-13
What is the value of -92 + 104 - (1 - -2)?
9
Calculate 1 + 9 - (8 + (-28 - (6 + -9))).
27
Evaluate (2 + 12 - (-11 + 26)) + -32 + -2.
-35
Evaluate -43 - -5 - (-12 - -1 - 2).
-25
Evaluate 0 + (1 + -10 - (-67 - -55)).
3
Evaluate 23 + (-2 - (12 - 4) - -5).
18
Calculate -2 + -13 - (16 - 21).
-10
Evaluate 6 + (-15 + -4 - (-7 + 0)) + 9.
3
Calculate -